 when 728 is divided by 146?
144
What is the remainder when 48 is divided by 29?
19
Calculate the remainder when 2362 is divided by 295.
2
Calculate the remainder when 356 is divided by 252.
104
What is the remainder when 639 is divided by 12?
3
What is the remainder when 431 is divided by 29?
25
What is the remainder when 226 is divided by 45?
1
What is the remainder when 523 is divided by 14?
5
Calculate the remainder when 549 is divided by 55.
54
What is the remainder when 107 is divided by 18?
17
What is the remainder when 1287 is divided by 68?
63
Calculate the remainder when 94 is divided by 13.
3
What is the remainder when 363 is divided by 14?
13
Calculate the remainder when 610 is divided by 25.
10
Calculate the remainder when 1474 is divided by 212.
202
What is the remainder when 8247 is divided by 11?
8
What is the remainder when 6140 is divided by 6129?
11
What is the remainder when 359 is divided by 9?
8
Calculate the remainder when 282 is divided by 96.
90
What is the remainder when 30 is divided by 23?
7
What is the remainder when 753 is divided by 369?
15
What is the remainder when 4737 is divided by 30?
27
Calculate the remainder when 197 is divided by 50.
47
Calculate the remainder when 394 is divided by 95.
14
What is the remainder when 568 is divided by 136?
24
Calculate the remainder when 258 is divided by 37.
36
What is the remainder when 545 is divided by 161?
62
Calculate the remainder when 2919 is divided by 122.
113
Calculate the remainder when 208 is divided by 16.
0
What is the remainder when 141 is divided by 5?
1
Calculate the remainder when 1492 is divided by 215.
202
What is the remainder when 280 is divided by 267?
13
What is the remainder when 10 is divided by 2?
0
What is the remainder when 698 is divided by 27?
23
What is the remainder when 598 is divided by 67?
62
What is the remainder when 5298 is divided by 31?
28
What is the remainder when 278 is divided by 33?
14
What is the remainder when 140 is divided by 83?
57
Calculate the remainder when 348 is divided by 88.
84
Calculate the remainder when 445 is divided by 152.
141
Calculate the remainder when 1022 is divided by 171.
167
What is the remainder when 76671 is divided by 16?
15
Calculate the remainder when 327 is divided by 78.
15
What is the remainder when 66 is divided by 9?
3
What is the remainder when 651 is divided by 117?
66
What is the remainder when 439 is divided by 140?
19
Calculate the remainder when 250 is divided by 78.
16
What is the remainder when 8530 is divided by 12?
10
What is the remainder when 581 is divided by 84?
77
Calculate the remainder when 440 is divided by 63.
62
What is the remainder when 638 is divided by 200?
38
Calculate the remainder when 792 is divided by 118.
84
What is the remainder when 66 is divided by 40?
26
What is the remainder when 792 is divided by 274?
244
Calculate the remainder when 167 is divided by 50.
17
What is the remainder when 27 is divided by 4?
3
What is the remainder when 156 is divided by 31?
1
Calculate the remainder when 159 is divided by 117.
42
What is the remainder when 4741 is divided by 110?
11
What is the remainder when 190 is divided by 85?
20
What is the remainder when 590 is divided by 29?
10
Calculate the remainder when 41 is divided by 6.
5
Calculate the remainder when 24 is divided by 10.
4
What is the remainder when 94 is divided by 22?
6
What is the remainder when 143 is divided by 24?
23
Calculate the remainder when 462 is divided by 84.
42
Calculate the remainder when 128 is divided by 83.
45
What is the remainder when 47 is divided by 9?
2
Calculate the remainder when 234 is divided by 82.
70
What is the remainder when 1409 is divided by 141?
140
Calculate the remainder when 368 is divided by 36.
8
What is the remainder when 910 is divided by 57?
55
What is the remainder when 531 is divided by 164?
39
What is the remainder when 160 is divided by 49?
13
What is the remainder when 137 is divided by 34?
1
What is the remainder when 47 is divided by 35?
12
What is the remainder when 333 is divided by 80?
13
What is the remainder when 674 is divided by 56?
2
Calculate the remainder when 73 is divided by 39.
34
What is the remainder when 141 is divided by 71?
70
Calculate the remainder when 2977 is divided by 271.
267
Calculate the remainder when 348 is divided by 35.
33
What is the remainder when 2637 is divided by 132?
129
What is the remainder when 205 is divided by 69?
67
What is the remainder when 397 is divided by 19?
17
What is the remainder when 7290 is divided by 51?
48
Calculate the remainder when 1827 is divided by 31.
29
What is the remainder when 7329 is divided by 52?
49
Calculate the remainder when 2366 is divided by 779.
29
Calculate the remainder when 586 is divided by 84.
82
What is the remainder when 175 is divided by 45?
40
What is the remainder when 1263 is divided by 419?
6
Calculate the remainder when 4185 is divided by 14.
13
Calculate the remainder when 236 is divided by 14.
12
Calculate the remainder when 87 is divided by 71.
16
Calculate the remainder when 334 is divided by 58.
44
Calculate the remainder when 151 is divided by 17.
15
Calculate the remainder when 350 is divided by 88.
86
What is the remainder when 252 is divided by 119?
14
What is the remainder when 387 is divided by 10?
7
Calculate the remainder when 256 is divided by 82.
10
What is the remainder when 695 is divided by 87?
86
Calculate the remainder when 6095 is divided by 64.
15
Calculate the remainder when 1706 is divided by 7.
5
What is the remainder when 120 is divided by 113?
7
Calculate the remainder when 306 is divided by 31.
27
Calculate the remainder when 137 is divided by 4.
1
Calculate the remainder when 2050 is divided by 114.
112
Calculate the remainder when 1818 is divided by 38.
32
What is the remainder when 9 is divided by 3?
0
What is the remainder when 517 is divided by 23?
11
Calculate the remainder when 485 is divided by 18.
17
Calculate the remainder when 4820 is divided by 18.
14
Calculate the remainder when 74 is divided by 22.
8
What is the remainder when 272 is divided by 71?
59
What is the remainder when 22133 is divided by 51?
50
What is the remainder when 358 is divided by 92?
82
What is the remainder when 1579 is divided by 17?
15
What is the remainder when 1484 is divided by 491?
11
Calculate the remainder when 25 is divided by 5.
0
What is the remainder when 8929 is divided by 22?
19
What is the remainder when 436 is divided by 20?
16
Calculate the remainder when 878 is divided by 161.
73
Calculate the remainder when 215 is divided by 48.
23
What is the remainder when 208 is divided by 122?
86
What is the remainder when 545 is divided by 111?
101
Calculate the remainder when 1127 is divided by 151.
70
Calculate the remainder when 93 is divided by 64.
29
What is the remainder when 195 is divided by 22?
19
What is the remainder when 337 is divided by 26?
25
Calculate the remainder when 627 is divided by 17.
15
What is the remainder when 803 is divided by 148?
63
Calculate the remainder when 226 is divided by 12.
10
Calculate the remainder when 492 is divided by 19.
17
Calculate the remainder when 479 is divided by 37.
35
Calculate the remainder when 405 is divided by 142.
121
Calculate the remainder when 998 is divided by 143.
140
What is the remainder when 11129 is divided by 105?
104
What is the remainder when 131 is divided by 66?
65
What is the remainder when 1293 is divided by 323?
1
Calculate the remainder when 112 is divided by 41.
30
What is the remainder when 924 is divided by 458?
8
What is the remainder when 279 is divided by 32?
23
What is the remainder when 489 is divided by 26?
21
What is the remainder when 352 is divided by 350?
2
Calculate the remainder when 627 is divided by 198.
33
What is the remainder when 99 is divided by 6?
3
Calculate the remainder when 14035 is divided by 260.
255
Calculate the remainder when 1193 is divided by 47.
18
What is the remainder when 8771 is divided by 12?
11
What is the remainder when 87 is divided by 19?
11
What is the remainder when 1970 is divided by 221?
202
What is the remainder when 473 is divided by 34?
31
What is the remainder when 2146 is divided by 36?
22
What is the remainder when 266 is div